vided by 31.
15
Calculate the remainder when 40 is divided by 15.
10
Calculate the remainder when 149 is divided by 92.
57
Calculate the remainder when 356 is divided by 305.
51
Calculate the remainder when 12 is divided by 9.
3
Calculate the remainder when 485 is divided by 245.
240
Calculate the remainder when 120 is divided by 66.
54
What is the remainder when 202 is divided by 5?
2
Calculate the remainder when 842 is divided by 96.
74
Calculate the remainder when 245 is divided by 216.
29
What is the remainder when 48 is divided by 1?
0
Calculate the remainder when 17748 is divided by 61.
58
What is the remainder when 5087 is divided by 8?
7
Calculate the remainder when 4 is divided by 3.
1
Calculate the remainder when 12599 is divided by 25.
24
What is the remainder when 3811 is divided by 346?
5
What is the remainder when 63 is divided by 18?
9
What is the remainder when 555 is divided by 60?
15
What is the remainder when 107 is divided by 101?
6
What is the remainder when 348 is divided by 46?
26
What is the remainder when 161 is divided by 61?
39
Calculate the remainder when 2771 is divided by 39.
2
What is the remainder when 251 is divided by 119?
13
Calculate the remainder when 667 is divided by 97.
85
What is the remainder when 429 is divided by 16?
13
Calculate the remainder when 9573 is divided by 18.
15
What is the remainder when 555 is divided by 17?
11
What is the remainder when 1163 is divided by 384?
11
What is the remainder when 527 is divided by 137?
116
What is the remainder when 93 is divided by 24?
21
Calculate the remainder when 165 is divided by 57.
51
Calculate the remainder when 1053 is divided by 132.
129
Calculate the remainder when 4416 is divided by 3.
0
What is the remainder when 191 is divided by 125?
66
What is the remainder when 1572 is divided by 66?
54
Calculate the remainder when 488 is divided by 35.
33
Calculate the remainder when 1069 is divided by 10.
9
Calculate the remainder when 543 is divided by 40.
23
Calculate the remainder when 7266 is divided by 158.
156
Calculate the remainder when 310 is divided by 107.
96
What is the remainder when 177 is divided by 53?
18
What is the remainder when 1239 is divided by 10?
9
What is the remainder when 607 is divided by 88?
79
Calculate the remainder when 155 is divided by 129.
26
Calculate the remainder when 1784 is divided by 255.
254
Calculate the remainder when 37 is divided by 17.
3
What is the remainder when 294 is divided by 74?
72
Calculate the remainder when 2323 is divided by 28.
27
Calculate the remainder when 325 is divided by 38.
21
What is the remainder when 37 is divided by 29?
8
Calculate the remainder when 408 is divided by 10.
8
Calculate the remainder when 914 is divided by 61.
60
What is the remainder when 1149 is divided by 23?
22
What is the remainder when 42 is divided by 11?
9
What is the remainder when 1074 is divided by 268?
2
What is the remainder when 176 is divided by 81?
14
What is the remainder when 24 is divided by 6?
0
What is the remainder when 1616 is divided by 391?
52
What is the remainder when 287 is divided by 5?
2
What is the remainder when 585 is divided by 28?
25
What is the remainder when 267 is divided by 84?
15
What is the remainder when 1783 is divided by 47?
44
Calculate the remainder when 105 is divided by 56.
49
Calculate the remainder when 136 is divided by 25.
11
Calculate the remainder when 84 is divided by 17.
16
What is the remainder when 10599 is divided by 272?
263
Calculate the remainder when 619 is divided by 45.
34
What is the remainder when 152 is divided by 24?
8
What is the remainder when 537 is divided by 49?
47
Calculate the remainder when 2089 is divided by 23.
19
What is the remainder when 111 is divided by 14?
13
Calculate the remainder when 1058 is divided by 352.
2
Calculate the remainder when 2054 is divided by 147.
143
Calculate the remainder when 81 is divided by 36.
9
What is the remainder when 202 is divided by 88?
26
Calculate the remainder when 835 is divided by 19.
18
Calculate the remainder when 174 is divided by 49.
27
What is the remainder when 8435 is divided by 97?
93
Calculate the remainder when 4765 is divided by 149.
146
What is the remainder when 59 is divided by 12?
11
Calculate the remainder when 234 is divided by 15.
9
What is the remainder when 11 is divided by 5?
1
Calculate the remainder when 187 is divided by 17.
0
What is the remainder when 914 is divided by 18?
14
What is the remainder when 336 is divided by 6?
0
What is the remainder when 203 is divided by 69?
65
Calculate the remainder when 225 is divided by 121.
104
What is the remainder when 101 is divided by 51?
50
Calculate the remainder when 754 is divided by 205.
139
Calculate the remainder when 216 is divided by 16.
8
What is the remainder when 1333 is divided by 89?
87
What is the remainder when 614 is divided by 29?
5
What is the remainder when 1623 is divided by 413?
384
Calculate the remainder when 73 is divided by 11.
7
What is the remainder when 46 is divided by 28?
18
Calculate the remainder when 1087 is divided by 39.
34
Calculate the remainder when 231 is divided by 10.
1
Calculate the remainder when 222 is divided by 51.
18
What is the remainder when 915 is divided by 4?
3
What is the remainder when 173 is divided by 12?
5
Calculate the remainder when 919 is divided by 46.
45
Calculate the remainder when 810 is divided by 116.
114
Calculate the remainder when 995 is divided by 50.
45
What is the remainder when 1097 is divided by 100?
97
Calculate the remainder when 194 is divided by 14.
12
Calculate the remainder when 700 is divided by 240.
220
What is the remainder when 16772 is divided by 25?
22
Calculate the remainder when 434 is divided by 122.
68
What is the remainder when 587 is divided by 30?
17
What is the remainder when 777 is divided by 245?
42
Calculate the remainder when 350 is divided by 114.
8
Calculate the remainder when 3022 is divided by 11.
8
Calculate the remainder when 349 is divided by 297.
52
Calculate the remainder when 101 is divided by 38.
25
What is the remainder when 643 is divided by 65?
58
What is the remainder when 620 is divided by 48?
44
What is the remainder when 1203 is divided by 1203?
0
What is the remainder when 1502 is divided by 251?
247
What is the remainder when 82 is divided by 42?
40
What is the remainder when 863 is divided by 224?
191
What is the remainder when 119 is divided by 33?
20
What is the remainder when 141 is divided by 50?
41
What is the remainder when 741 is divided by 12?
9
What is the remainder when 34186 is divided by 132?
130
What is the remainder when 593 is divided by 27?
26
What is the remainder when 180 is divided by 14?
12
What is the remainder when 188 is divided by 28?
20
Calculate the remainder when 140 is divided by 41.
17
What is the remainder when 571 is divided by 284?
3
Calculate the remainder when 352 is divided by 12.
4
What is the remainder when 111 is divided by 8?
7
What is the remainder when 8668 is divided by 30?
28
What is the remainder when 163 is divided by 16?
3
What is the remainder when 1228 is divided by 307?
0
Calculate the remainder when 418 is divided by 32.
2
Calculate the remainder when 248 is divided by 74.
26
What is the remainder when 397 is divided by 276?
121
What is the remainder when 292 is divided by 267?
25
What is the remainder when 570 is divided by 35?
10
Calculate the remainder when 575 is divided by 145.
140
What is the remainder when 46514 is divided by 15?
14
What is the remainder when 193 is divided by 24?
1
What is the remainder when 169 is divided by 32?
9
What is the remainder when 117 is divided by 36?
9
What is the remainder when 231 is divided by 19?
3
Calculate the remainder when 1531 is divided by 51.
1
What is the remainder when 33 is divided by 4?
1
What is the remainder when 189 is divided by 181?
8
Calculate the remainder when 4002 is divided by 663.
24
Calculate the remainder when 2991 is divided by 997.
0
What is the remainder when 309 is divided by 45?
39
What is the remainder when 80 is divided by 70?
10
Calculate the remainder when 36 is divided by 16.
4
What is the remainder when 55 is divided by 28?
27
What is the remainder when 1078 is divided by 40?
38
What is the 